{"id":874,"date":"2023-05-04T17:36:48","date_gmt":"2023-05-04T17:36:48","guid":{"rendered":"https:\/\/josemiguelmolero.com\/?page_id=874"},"modified":"2024-01-08T13:53:17","modified_gmt":"2024-01-08T13:53:17","slug":"entre-alamares","status":"publish","type":"page","link":"https:\/\/josemiguelmolero.com\/index.php\/proyectos\/entre-alamares\/","title":{"rendered":"ENTRE ALAMARES"},"content":{"rendered":"","protected":false},"excerpt":{"rendered":"<p>Un proyecto entre amigos es aquel en el que se a\u00fanan fuerzas. Mi estimado amigo, el pintor taurino Pepe Moreda, me env\u00edo una serie de seis serigraf\u00edas artesanales, con la petici\u00f3n de escribir un pie para cada una de sus obras<\/p>\n","protected":false},"author":1,"featured_media":0,"parent":77,"menu_order":0,"comment_status":"closed","ping_status":"closed","template":"","meta":{"_eb_attr":"","footnotes":""},"class_list":["post-874","page","type-page","status-publish","czr-hentry"],"yoast_head":"<!-- This site is optimized with the Yoast SEO plugin v27.5 - https:\/\/yoast.com\/product\/yoast-seo-wordpress\/ -->\n<title>ENTRE ALAMARES - Jos\u00e9 Miguel Molero Cid<\/title>\n<meta name=\"description\" content=\"Un proyecto entre amigos es aquel en el que se a\u00fanan fuerzas. Mi estimado amigo, el pintor taurino Pepe Moreda, me env\u00edo una serie de seis serigraf\u00edas artesanales, con la petici\u00f3n de escribir un pie para cada una de sus obras\" \/>\n<meta name=\"robots\" content=\"index, follow, max-snippet:-1, max-image-preview:large, max-video-preview:-1\" \/>\n<link rel=\"canonical\" href=\"https:\/\/josemiguelmolero.com\/index.php\/proyectos\/entre-alamares\/\" \/>\n<meta property=\"og:locale\" content=\"es_ES\" \/>\n<meta property=\"og:type\" content=\"article\" \/>\n<meta property=\"og:title\" content=\"Entre Alamares\" \/>\n<meta property=\"og:description\" content=\"Un proyecto entre amigos es aquel en el que se a\u00fanan fuerzas. Mi estimado amigo, el pintor taurino Pepe Moreda, me env\u00edo una serie de seis serigraf\u00edas artesanales, con la petici\u00f3n de escribir un pie para cada una de sus obras.\" \/>\n<meta property=\"og:url\" content=\"https:\/\/josemiguelmolero.com\/index.php\/proyectos\/entre-alamares\/\" \/>\n<meta property=\"og:site_name\" content=\"Jos\u00e9 Miguel Molero Cid\" \/>\n<meta property=\"article:modified_time\" content=\"2024-01-08T13:53:17+00:00\" \/>\n<meta property=\"og:image\" content=\"https:\/\/josemiguelmolero.com\/wp-content\/uploads\/2023\/05\/portada.jpg\" \/>\n\t<meta property=\"og:image:width\" content=\"1200\" \/>\n\t<meta property=\"og:image:height\" content=\"1200\" \/>\n\t<meta property=\"og:image:type\" content=\"image\/jpeg\" \/>\n<meta name=\"twitter:card\" content=\"summary_large_image\" \/>\n<script type=\"application\/ld+json\" class=\"yoast-schema-graph\">{\"@context\":\"https:\\\/\\\/schema.org\",\"@graph\":[{\"@type\":\"WebPage\",\"@id\":\"https:\\\/\\\/josemiguelmolero.com\\\/index.php\\\/proyectos\\\/entre-alamares\\\/\",\"url\":\"https:\\\/\\\/josemiguelmolero.com\\\/index.php\\\/proyectos\\\/entre-alamares\\\/\",\"name\":\"ENTRE ALAMARES - Jos\u00e9 Miguel Molero Cid\",\"isPartOf\":{\"@id\":\"https:\\\/\\\/josemiguelmolero.com\\\/#website\"},\"datePublished\":\"2023-05-04T17:36:48+00:00\",\"dateModified\":\"2024-01-08T13:53:17+00:00\",\"description\":\"Un proyecto entre amigos es aquel en el que se a\u00fanan fuerzas. Mi estimado amigo, el pintor taurino Pepe Moreda, me env\u00edo una serie de seis serigraf\u00edas artesanales, con la petici\u00f3n de escribir un pie para cada una de sus obras\",\"breadcrumb\":{\"@id\":\"https:\\\/\\\/josemiguelmolero.com\\\/index.php\\\/proyectos\\\/entre-alamares\\\/#breadcrumb\"},\"inLanguage\":\"es\",\"potentialAction\":[{\"@type\":\"ReadAction\",\"target\":[\"https:\\\/\\\/josemiguelmolero.com\\\/index.php\\\/proyectos\\\/entre-alamares\\\/\"]}]},{\"@type\":\"BreadcrumbList\",\"@id\":\"https:\\\/\\\/josemiguelmolero.com\\\/index.php\\\/proyectos\\\/entre-alamares\\\/#breadcrumb\",\"itemListElement\":[{\"@type\":\"ListItem\",\"position\":1,\"name\":\"Portada\",\"item\":\"https:\\\/\\\/josemiguelmolero.com\\\/\"},{\"@type\":\"ListItem\",\"position\":2,\"name\":\"PROYECTOS\",\"item\":\"https:\\\/\\\/josemiguelmolero.com\\\/index.php\\\/proyectos\\\/\"},{\"@type\":\"ListItem\",\"position\":3,\"name\":\"ENTRE ALAMARES\"}]},{\"@type\":\"WebSite\",\"@id\":\"https:\\\/\\\/josemiguelmolero.com\\\/#website\",\"url\":\"https:\\\/\\\/josemiguelmolero.com\\\/\",\"name\":\"Jos\u00e9 Miguel Molero Cid\",\"description\":\"Poeta, locutor, productor y publicista\",\"potentialAction\":[{\"@type\":\"SearchAction\",\"target\":{\"@type\":\"EntryPoint\",\"urlTemplate\":\"https:\\\/\\\/josemiguelmolero.com\\\/?s={search_term_string}\"},\"query-input\":{\"@type\":\"PropertyValueSpecification\",\"valueRequired\":true,\"valueName\":\"search_term_string\"}}],\"inLanguage\":\"es\"}]}<\/script>\n<!-- \/ Yoast SEO plugin. -->","yoast_head_json":{"title":"ENTRE ALAMARES - Jos\u00e9 Miguel Molero Cid","description":"Un proyecto entre amigos es aquel en el que se a\u00fanan fuerzas. Mi estimado amigo, el pintor taurino Pepe Moreda, me env\u00edo una serie de seis serigraf\u00edas artesanales, con la petici\u00f3n de escribir un pie para cada una de sus obras","robots":{"index":"index","follow":"follow","max-snippet":"max-snippet:-1","max-image-preview":"max-image-preview:large","max-video-preview":"max-video-preview:-1"},"canonical":"https:\/\/josemiguelmolero.com\/index.php\/proyectos\/entre-alamares\/","og_locale":"es_ES","og_type":"article","og_title":"Entre Alamares","og_description":"Un proyecto entre amigos es aquel en el que se a\u00fanan fuerzas. Mi estimado amigo, el pintor taurino Pepe Moreda, me env\u00edo una serie de seis serigraf\u00edas artesanales, con la petici\u00f3n de escribir un pie para cada una de sus obras.","og_url":"https:\/\/josemiguelmolero.com\/index.php\/proyectos\/entre-alamares\/","og_site_name":"Jos\u00e9 Miguel Molero Cid","article_modified_time":"2024-01-08T13:53:17+00:00","og_image":[{"width":1200,"height":1200,"url":"https:\/\/josemiguelmolero.com\/wp-content\/uploads\/2023\/05\/portada.jpg","type":"image\/jpeg"}],"twitter_card":"summary_large_image","schema":{"@context":"https:\/\/schema.org","@graph":[{"@type":"WebPage","@id":"https:\/\/josemiguelmolero.com\/index.php\/proyectos\/entre-alamares\/","url":"https:\/\/josemiguelmolero.com\/index.php\/proyectos\/entre-alamares\/","name":"ENTRE ALAMARES - Jos\u00e9 Miguel Molero Cid","isPartOf":{"@id":"https:\/\/josemiguelmolero.com\/#website"},"datePublished":"2023-05-04T17:36:48+00:00","dateModified":"2024-01-08T13:53:17+00:00","description":"Un proyecto entre amigos es aquel en el que se a\u00fanan fuerzas. Mi estimado amigo, el pintor taurino Pepe Moreda, me env\u00edo una serie de seis serigraf\u00edas artesanales, con la petici\u00f3n de escribir un pie para cada una de sus obras","breadcrumb":{"@id":"https:\/\/josemiguelmolero.com\/index.php\/proyectos\/entre-alamares\/#breadcrumb"},"inLanguage":"es","potentialAction":[{"@type":"ReadAction","target":["https:\/\/josemiguelmolero.com\/index.php\/proyectos\/entre-alamares\/"]}]},{"@type":"BreadcrumbList","@id":"https:\/\/josemiguelmolero.com\/index.php\/proyectos\/entre-alamares\/#breadcrumb","itemListElement":[{"@type":"ListItem","position":1,"name":"Portada","item":"https:\/\/josemiguelmolero.com\/"},{"@type":"ListItem","position":2,"name":"PROYECTOS","item":"https:\/\/josemiguelmolero.com\/index.php\/proyectos\/"},{"@type":"ListItem","position":3,"name":"ENTRE ALAMARES"}]},{"@type":"WebSite","@id":"https:\/\/josemiguelmolero.com\/#website","url":"https:\/\/josemiguelmolero.com\/","name":"Jos\u00e9 Miguel Molero Cid","description":"Poeta, locutor, productor y publicista","potentialAction":[{"@type":"SearchAction","target":{"@type":"EntryPoint","urlTemplate":"https:\/\/josemiguelmolero.com\/?s={search_term_string}"},"query-input":{"@type":"PropertyValueSpecification","valueRequired":true,"valueName":"search_term_string"}}],"inLanguage":"es"}]}},"_links":{"self":[{"href":"https:\/\/josemiguelmolero.com\/index.php\/wp-json\/wp\/v2\/pages\/874","targetHints":{"allow":["GET"]}}],"collection":[{"href":"https:\/\/josemiguelmolero.com\/index.php\/wp-json\/wp\/v2\/pages"}],"about":[{"href":"https:\/\/josemiguelmolero.com\/index.php\/wp-json\/wp\/v2\/types\/page"}],"author":[{"embeddable":true,"href":"https:\/\/josemiguelmolero.com\/index.php\/wp-json\/wp\/v2\/users\/1"}],"replies":[{"embeddable":true,"href":"https:\/\/josemiguelmolero.com\/index.php\/wp-json\/wp\/v2\/comments?post=874"}],"version-history":[{"count":10,"href":"https:\/\/josemiguelmolero.com\/index.php\/wp-json\/wp\/v2\/pages\/874\/revisions"}],"predecessor-version":[{"id":926,"href":"https:\/\/josemiguelmolero.com\/index.php\/wp-json\/wp\/v2\/pages\/874\/revisions\/926"}],"up":[{"embeddable":true,"href":"https:\/\/josemiguelmolero.com\/index.php\/wp-json\/wp\/v2\/pages\/77"}],"wp:attachment":[{"href":"https:\/\/josemiguelmolero.com\/index.php\/wp-json\/wp\/v2\/media?parent=874"}],"curies":[{"name":"wp","href":"https:\/\/api.w.org\/{rel}","templated":true}]}}